{"id":1613,"date":"2023-07-25T07:08:54","date_gmt":"2023-07-25T07:08:54","guid":{"rendered":"https:\/\/physioherrmann.de\/?page_id=1613"},"modified":"2023-07-25T07:09:27","modified_gmt":"2023-07-25T07:09:27","slug":"rueckenfit-u-50","status":"publish","type":"page","link":"https:\/\/test.physioherrmann.de\/?page_id=1613","title":{"rendered":"R\u00fcckenfit U-50"},"content":{"rendered":"\n<p>Der Kurs richtet sich, speziell an jung-gebliebene und aktive Menschen, die zwar regelm\u00e4\u00dfig aber nur einseitigen Sport treiben, sowie diejenigen, die beruflich so eingespannt sind, dass keine Zeit f\u00fcr Ausgleichssport bleibt.<\/p>\n\n\n\n<p>Nach dem Motto <strong>Vorbeugen statt Nachsorgen<\/strong> habe ich ein r\u00fcckengerechtes <strong>Stabilisations- und Koordinationsprogramm<\/strong> f\u00fcr den ganzen K\u00f6rper erstellt, das von jedem Teilnehmer mit wenig Aufwand zu Hause fortgesetzt werden kann.<\/p>\n\n\n\n<p>JETZT ist der richtige Zeitpunkt, um seine Muskeln und Faszien auf die Skisaison vorzubereiten!<\/p>\n\n\n\n<p>Ich freue mich wenn du dabei bist!<br><\/p>\n\n\n\n<p><strong>Eine Kurseinheit dauert 60 min<\/strong>. <strong>Es handelt sich um eine Selbstzahlerleistung: 80 Euro <\/strong><\/p>\n","protected":false},"excerpt":{"rendered":"<p>Der Kurs richtet sich, speziell an jung-gebliebene und aktive Menschen, die zwar regelm\u00e4\u00dfig aber nur einseitigen Sport treiben, sowie diejenigen, die beruflich so eingespannt sind, dass keine Zeit f\u00fcr Ausgleichssport &#8230; <a title=\"R\u00fcckenfit U-50\" class=\"read-more\" href=\"https:\/\/test.physioherrmann.de\/?page_id=1613\" aria-label=\"Mehr Informationen \u00fcber R\u00fcckenfit U-50\">Weiterlesen<\/a><\/p>\n","protected":false},"author":1,"featured_media":0,"parent":0,"menu_order":0,"comment_status":"closed","ping_status":"closed","template":"","meta":{"footnotes":""},"class_list":["post-1613","page","type-page","status-publish"],"_links":{"self":[{"href":"https:\/\/test.physioherrmann.de\/index.php?rest_route=\/wp\/v2\/pages\/1613","targetHints":{"allow":["GET"]}}],"collection":[{"href":"https:\/\/test.physioherrmann.de\/index.php?rest_route=\/wp\/v2\/pages"}],"about":[{"href":"https:\/\/test.physioherrmann.de\/index.php?rest_route=\/wp\/v2\/types\/page"}],"author":[{"embeddable":true,"href":"https:\/\/test.physioherrmann.de\/index.php?rest_route=\/wp\/v2\/users\/1"}],"replies":[{"embeddable":true,"href":"https:\/\/test.physioherrmann.de\/index.php?rest_route=%2Fwp%2Fv2%2Fcomments&post=1613"}],"version-history":[{"count":2,"href":"https:\/\/test.physioherrmann.de\/index.php?rest_route=\/wp\/v2\/pages\/1613\/revisions"}],"predecessor-version":[{"id":1615,"href":"https:\/\/test.physioherrmann.de\/index.php?rest_route=\/wp\/v2\/pages\/1613\/revisions\/1615"}],"wp:attachment":[{"href":"https:\/\/test.physioherrmann.de\/index.php?rest_route=%2Fwp%2Fv2%2Fmedia&parent=1613"}],"curies":[{"name":"wp","href":"https:\/\/api.w.org\/{rel}","templated":true}]}}