{"id":284,"date":"2017-03-07T19:06:46","date_gmt":"2017-03-07T19:06:46","guid":{"rendered":"http:\/\/test.physioherrmann.de\/?page_id=284"},"modified":"2020-06-10T13:35:49","modified_gmt":"2020-06-10T13:35:49","slug":"lymphdrainage","status":"publish","type":"page","link":"https:\/\/test.physioherrmann.de\/?page_id=284","title":{"rendered":"Manuelle Lymphdrainage"},"content":{"rendered":"<p style=\"text-align: left;\"><span style=\"font-family: helvetica, arial, sans-serif;\"><img loading=\"lazy\" decoding=\"async\" class=\"aligncenter wp-image-894 size-full\" src=\"https:\/\/test.physioherrmann.de\/wp-content\/uploads\/2017\/03\/Lymphdrainage_1200x600.jpg\" alt=\"\" width=\"1200\" height=\"600\" srcset=\"https:\/\/test.physioherrmann.de\/wp-content\/uploads\/2017\/03\/Lymphdrainage_1200x600.jpg 1200w, https:\/\/test.physioherrmann.de\/wp-content\/uploads\/2017\/03\/Lymphdrainage_1200x600-300x150.jpg 300w, https:\/\/test.physioherrmann.de\/wp-content\/uploads\/2017\/03\/Lymphdrainage_1200x600-768x384.jpg 768w, https:\/\/test.physioherrmann.de\/wp-content\/uploads\/2017\/03\/Lymphdrainage_1200x600-1024x512.jpg 1024w\" sizes=\"auto, (max-width: 1200px) 100vw, 1200px\" \/><\/span><\/p>\n<p style=\"text-align: left;\"><span style=\"font-size: 12pt; font-family: helvetica, arial, sans-serif;\">Spezielle, sanfte Grifftechniken im Bereich des Lymphgef\u00e4\u00dfsystems mit dem Ziel der Abflu\u00dff\u00f6rderung von angestauter Gewebsfl\u00fcssigkeit<\/span><\/p>\n<p style=\"text-align: left;\"><span style=\"font-size: 12pt; font-family: helvetica, arial, sans-serif;\">\u2192 bei sekund\u00e4ren Arm- oder Bein\u00f6demen nach operativer Lymphknotenentfernung oder Bestrahlung (+ entsprechende Kompressionstherapie)<\/span><\/p>\n<p style=\"text-align: left;\"><span style=\"font-size: 12pt; font-family: helvetica, arial, sans-serif;\">\u2192 zur Schmerzlinderung und Unterst\u00fctzung der Wundheilung nach Operationen und akuten (Sport-) Verletzungen<\/span><\/p>\n<p style=\"text-align: left;\"><span style=\"font-size: 12pt; font-family: helvetica, arial, sans-serif;\">\u2192 Entstauung und L\u00f6sen von verkebtem Narbengewebe = Narbenbehandlung<\/span><\/p>\n<p style=\"text-align: left;\"><span style=\"font-size: 12pt; font-family: helvetica, arial, sans-serif;\">\u2192 Durchblutungsf\u00f6rderung und Hautentlastung bei ven\u00f6ser Insuffizienz<\/span><\/p>\n<p style=\"text-align: left;\"><span style=\"font-size: 14pt; font-family: helvetica, arial, sans-serif; color: #2e6f33;\"><em>\u00c4rztl. Verordnung: &#8222;Lymphdrainage&#8220;<\/em><\/span><\/p>\n","protected":false},"excerpt":{"rendered":"<p>Spezielle, sanfte Grifftechniken im Bereich des Lymphgef\u00e4\u00dfsystems mit dem Ziel der Abflu\u00dff\u00f6rderung von angestauter Gewebsfl\u00fcssigkeit \u2192 bei sekund\u00e4ren Arm- oder Bein\u00f6demen nach operativer Lymphknotenentfernung oder Bestrahlung (+ entsprechende Kompressionstherapie) \u2192 &#8230; <a title=\"Manuelle Lymphdrainage\" class=\"read-more\" href=\"https:\/\/test.physioherrmann.de\/?page_id=284\" aria-label=\"Mehr Informationen \u00fcber Manuelle Lymphdrainage\">Weiterlesen<\/a><\/p>\n","protected":false},"author":1,"featured_media":0,"parent":112,"menu_order":0,"comment_status":"closed","ping_status":"closed","template":"","meta":{"footnotes":""},"class_list":["post-284","page","type-page","status-publish"],"_links":{"self":[{"href":"https:\/\/test.physioherrmann.de\/index.php?rest_route=\/wp\/v2\/pages\/284","targetHints":{"allow":["GET"]}}],"collection":[{"href":"https:\/\/test.physioherrmann.de\/index.php?rest_route=\/wp\/v2\/pages"}],"about":[{"href":"https:\/\/test.physioherrmann.de\/index.php?rest_route=\/wp\/v2\/types\/page"}],"author":[{"embeddable":true,"href":"https:\/\/test.physioherrmann.de\/index.php?rest_route=\/wp\/v2\/users\/1"}],"replies":[{"embeddable":true,"href":"https:\/\/test.physioherrmann.de\/index.php?rest_route=%2Fwp%2Fv2%2Fcomments&post=284"}],"version-history":[{"count":15,"href":"https:\/\/test.physioherrmann.de\/index.php?rest_route=\/wp\/v2\/pages\/284\/revisions"}],"predecessor-version":[{"id":1431,"href":"https:\/\/test.physioherrmann.de\/index.php?rest_route=\/wp\/v2\/pages\/284\/revisions\/1431"}],"up":[{"embeddable":true,"href":"https:\/\/test.physioherrmann.de\/index.php?rest_route=\/wp\/v2\/pages\/112"}],"wp:attachment":[{"href":"https:\/\/test.physioherrmann.de\/index.php?rest_route=%2Fwp%2Fv2%2Fmedia&parent=284"}],"curies":[{"name":"wp","href":"https:\/\/api.w.org\/{rel}","templated":true}]}}